{"id":27,"date":"2020-01-08T09:22:01","date_gmt":"2020-01-08T09:22:01","guid":{"rendered":"http:\/\/www.mitjamaratopollensa.net\/mitja\/?page_id=27"},"modified":"2026-04-23T08:15:51","modified_gmt":"2026-04-23T08:15:51","slug":"reglamento","status":"publish","type":"page","link":"https:\/\/www.mitjamaratopollensa.net\/mitja\/reglamento\/","title":{"rendered":"Reglamento"},"content":{"rendered":"\n<h4 class=\"wp-block-heading\"><strong>Salida y llegada \/ <\/strong><em>Start and  Finish:<\/em><\/h4>\n\n\n\n<p><b>\u00b7<\/b> Carrera 5km 2026: <b>26\/09\/2026 a las 18:00h<\/b> <a href=\"https:\/\/maps.app.goo.gl\/uHVnbJxQMD8EEAGp9\" target=\"_blank\" rel=\"noreferrer noopener\">Puerto de Pollen\u00e7a<\/a><\/p>\n\n\n\n<p><b>\u00b7<\/b> Carrera 10km 2026: <b>26\/09\/2026 a las 18:30h<\/b> <a href=\"https:\/\/maps.app.goo.gl\/uHVnbJxQMD8EEAGp9\" target=\"_blank\" rel=\"noreferrer noopener\">Puerto de Pollen\u00e7a<\/a><\/p>\n\n\n\n<p><b>\u00b7<\/b> Carrera 5km 2026 ELITE: <b>26\/09\/2026 a las 20:00h<\/b> <a href=\"https:\/\/maps.app.goo.gl\/uHVnbJxQMD8EEAGp9\" target=\"_blank\" rel=\"noreferrer noopener\">Puerto de Pollen\u00e7a<\/a><\/p>\n\n\n\n<h4 class=\"wp-block-heading\"><strong>Precios inscripci\u00f3n \/ <\/strong><em>Registration fees:<\/em><\/h4>\n\n\n\n<ul class=\"wp-block-list\">\n<li>Carrera 5km 2026: <strong>7<\/strong><b>\u20ac + gastos de gesti\u00f3n: <\/b><a href=\"http:\/\/www.elitechip.net\/index.php?zwshow=compdet&amp;idcomp=7380182\" target=\"_blank\" rel=\"noreferrer noopener\">ELITECHIP<\/a><\/li>\n\n\n\n<li>Carrera 10km 2026: <b>12\u20ac + gastos de gesti\u00f3n: <\/b><a href=\"http:\/\/www.elitechip.net\/index.php?zwshow=compdet&amp;idcomp=7380182\" target=\"_blank\" rel=\"noreferrer noopener\">ELITECHIP<\/a><\/li>\n<\/ul>\n\n\n\n<h4 class=\"wp-block-heading\"><strong>Recorrido \/ <\/strong><em>Course:<\/em><\/h4>\n\n\n\n<ul class=\"wp-block-list\">\n<li>El recorrido estar\u00e1 cerrado al tr\u00e1fico y estar\u00e1 homologado por la Real Federaci\u00f3n Espa\u00f1ola de Atletismo. El recorrido transitar\u00e1 por las calles del Port de Pollen\u00e7a.<\/li>\n\n\n\n<li><em>The transit during the entire race will be blocked and is measured according to the regulations of the Royal Spanish Athletic Federation. The race will transit the streets of Port of Pollensa.<\/em><\/li>\n<\/ul>\n\n\n\n<h4 class=\"wp-block-heading\"><strong>Avituallamientos \/ <\/strong><em>Refreshment points:<\/em><\/h4>\n\n\n\n<ul class=\"wp-block-list\">\n<li>Agua y bebida isot\u00f3nica en el Km 5 para la carrera de 10km.<\/li>\n\n\n\n<li><em>Water and isotonic drinks at Km 5 for the 10km race<\/em><\/li>\n<\/ul>\n\n\n\n<h4 class=\"wp-block-heading\"><strong>Edad m\u00ednima \/ <\/strong><em>Minimum age:<\/em><\/h4>\n\n\n\n<ul class=\"wp-block-list\">\n<li><strong>10km: <\/strong>16 a\u00f1os cumplidos el d\u00eda de la competici\u00f3n \/ <em>16 years \u2013 on the day of the race.<\/em><\/li>\n\n\n\n<li><strong>5km: <\/strong>14 a\u00f1os cumplidos el d\u00eda de la competici\u00f3n \/ <em>14 years \u2013 on the day of the race.<\/em><\/li>\n<\/ul>\n\n\n\n<h4 class=\"wp-block-heading\"><strong>Guarda-ropa \/ <\/strong><em>Wardrobe:<\/em><\/h4>\n\n\n\n<ul class=\"wp-block-list\">\n<li>En la Plaza Miquel Capllonch habr\u00e1 un servicio de custodia de ropa que velar\u00e1 por las pertenencias de los atletas. La retirada se har\u00e1 mediante el n\u00famero de dorsal.<\/li>\n\n\n\n<li><em>At the square Miquel Capllonch there will be a wardrobe. Participants will have access to this service by the means of the assigned competition number.<\/em><\/li>\n<\/ul>\n\n\n\n<h4 class=\"wp-block-heading\"><strong>Control de carrera \/ <\/strong><em>Race control:<\/em><\/h4>\n\n\n\n<ul class=\"wp-block-list\">\n<li>Se realizar\u00e1 mediante chip adherido al dorsal, de un s\u00f3lo uso. El Juez \u00c1rbitro de la Real Federaci\u00f3n Espa\u00f1ola de Atletismo y el Comit\u00e9 de Jueces de la Federaci\u00f3n de Atletismo de las Illes Balears, ser\u00e1n los encargados del control y de las clasificaciones oficiales de la carrera.<\/li>\n\n\n\n<li><em>It will be done by means of a single-use chip attached to the race bib. The Judge of the Royal Spanish Athletic Federation and the Judge Committee of the Balearic Athletic Federation will be in charge of the official classification.<\/em><\/li>\n<\/ul>\n\n\n\n<h4 class=\"wp-block-heading\"><strong>Reclamaci\u00f3n \/ <\/strong><em>Claims:<\/em><\/h4>\n\n\n\n<ul class=\"wp-block-list\">\n<li>Se cursar\u00e1n al Juez \u00c1rbitro por escrito, dentro de los 30 minutos posteriores de la notificaci\u00f3n de los resultados, previo dep\u00f3sito de 100 \u20ac, en el caso de ser justa la reclamaci\u00f3n efectuada, le ser\u00e1n devueltos.<\/li>\n\n\n\n<li><em>The written claims will be handed over to the Judge Committee within 30 minutes after the race finish, depositing the amount of 100 \u20ac. Should the claims be justified, then the amount will be returned.<\/em><\/li>\n<\/ul>\n\n\n\n<h4 class=\"wp-block-heading\"><strong>M\u00e9dico de Carrera \/ <\/strong><em>Medical assistance:<\/em><\/h4>\n\n\n\n<ul class=\"wp-block-list\">\n<li>Habr\u00e1 un M\u00e9dico de Carrera responsable de los servicios m\u00e9dicos. Todos los atletas con problemas f\u00edsicos, respiratorios, al\u00e9rgicos, etc., que requieran atenciones especiales tendr\u00e1n que notificar a la Organizaci\u00f3n antes de iniciar la competici\u00f3n y hacerlo constar en el reverso del dorsal.<br>Los atletas mayores de 40 a\u00f1os, tendr\u00e1n que disponer de un certificado m\u00e9dico que acredite su aptitud f\u00edsica.<\/li>\n\n\n\n<li><em>The entire race benefits from medical survey and assistance.  All participants with physical problems, allergies etc. that require special attention must notify the organisation and publish it in their participant shield.<\/em><\/li>\n<\/ul>\n\n\n\n<h4 class=\"wp-block-heading\"><strong>Seguro de Carrera \/ <\/strong><em>Safe insurance:<\/em><\/h4>\n\n\n\n<ul class=\"wp-block-list\">\n<li>Los atletas est\u00e1n cubiertos por una P\u00f3liza de Seguro de Accidentes y de Responsabilidad Civil, que cubrir\u00e1 el tratamiento de las lesiones de los atletas, como consecuencia directa del transcurso de la prueba, y nunca como derivaci\u00f3n de una patolog\u00eda, imprudencia, negligencia, inobservancia de las leyes y de las normas establecidas por la Organizaci\u00f3n, o por los da\u00f1os producidos en los desplazamientos al sitio donde se realiza la prueba, o de \u00e9ste a la residencia de los atletas.<\/li>\n\n\n\n<li><em>The race benefits from a safe insurance covering only injuries that may occur during the race. The safe insurance does not cover any other physical problems that the participants may have had, neither does it cover injuries brought about by disobedience of the rules or any other caused damages. Participants above 40 years must present a medical certificate to justify their physical ability.<\/em><\/li>\n<\/ul>\n\n\n\n<h4 class=\"wp-block-heading\"><strong>Seguridad de la Carrera \/ <\/strong><em>Safety of the race:<\/em><\/h4>\n\n\n\n<ul class=\"wp-block-list\">\n<li>Polic\u00eda Local de Pollen\u00e7a, Subsector de Tr\u00e1fico de la Guardia Civil, Protecci\u00f3n Civil de Pollen\u00e7a y la Organizaci\u00f3n son los encargados de la seguridad de la prueba, los atletas participantes obedecer\u00e1n todas las indicaciones que reciban del personal encargado de la seguridad de la prueba.<\/li>\n\n\n\n<li><em>The Local Police and Civil Protection will be in charge of the safety of the race.<\/em><\/li>\n<\/ul>\n\n\n\n<h4 class=\"wp-block-heading\"><strong>Ambulancias \/ <\/strong><em>Ambulance:<\/em><\/h4>\n\n\n\n<ul class=\"wp-block-list\">\n<li>Habr\u00e1 un servicio de ambulancias, en la salida y una dentro del recorrido.<\/li>\n\n\n\n<li><em>There will be an ambulance service, at the exit and into the range.<\/em><\/li>\n<\/ul>\n\n\n\n<h4 class=\"wp-block-heading\"><strong>Categor\u00edas \/ <\/strong><em>Categories:<\/em><\/h4>\n\n\n\n<ul class=\"wp-block-list\">\n<li>Se considerar\u00e1 constituida una categor\u00eda cuando haya 3 inscritos o m\u00e1s.<\/li>\n\n\n\n<li><em>3 or more participants will form a category.<\/em><\/li>\n<\/ul>\n\n\n\n<blockquote class=\"wp-block-quote is-layout-flow wp-block-quote-is-layout-flow\">\n<ul class=\"wp-block-list\">\n<li>Absoluto masculino y femenino<\/li>\n\n\n\n<li>Veteranos A de 35 a 44 a\u00f1os M y F<\/li>\n\n\n\n<li>Veteranos B de 45 a 54 a\u00f1os M y F<\/li>\n\n\n\n<li>Veteranos C 55 a\u00f1os o m\u00e1s M y F<\/li>\n\n\n\n<li>Locales M y F<\/li>\n<\/ul>\n<\/blockquote>\n\n\n<p><!-- \/wp:post-content --><\/p>\n<p><!-- \/wp:list --><\/p>\n<p><!-- \/wp:list --><\/p>\n<p><!-- wp:heading {\"level\":4} --><\/p>\n<p><!-- \/wp:list-item --><\/p>\n<p><!-- \/wp:list --><\/p>\n<p><!-- wp:heading {\"level\":4} --><\/p>\n<h4 class=\"wp-block-heading\"><strong>Pol\u00edtica devoluciones \/ <\/strong><em>Refund Policy:<\/em><\/h4>\n<p><!-- \/wp:heading --><\/p>\n<p><!-- wp:list-item --><\/p>\n<ul>\n<li style=\"list-style-type: none;\">\n<ul>\n<li>Se podr\u00e1 solicitar la devoluci\u00f3n del importe de la inscripci\u00f3n (excluido el coste de gesti\u00f3n de la plataforma de inscripciones) hasta el 30 de abril de 2026 (inclusive), a trav\u00e9s del correo electr\u00f3nico info@elitechip.net<\/li>\n<li>You may request a refund of the registration fee (excluding the registration platform&#8217;s processing fee) until April 30, 2026 (inclusive), by emailing info@elitechip.net<\/li>\n<\/ul>\n<\/li>\n<\/ul>\n<p><!-- \/wp:list-item --><\/p>\n<p><!-- \/wp:list --><\/p>","protected":false},"excerpt":{"rendered":"<p>Salida y llegada \/ Start and Finish: \u00b7 Carrera 5km 2026: 26\/09\/2026 a las 18:00h Puerto de Pollen\u00e7a \u00b7 Carrera 10km 2026: 26\/09\/2026 a las 18:30h Puerto de Pollen\u00e7a \u00b7 Carrera 5km 2026 ELITE: 26\/09\/2026 a las 20:00h Puerto de Pollen\u00e7a Precios inscripci\u00f3n \/ Registration fees: Recorrido \/ Course: Avituallamientos [&hellip;]<\/p>\n","protected":false},"author":1,"featured_media":0,"parent":0,"menu_order":0,"comment_status":"closed","ping_status":"closed","template":"","meta":{"footnotes":""},"class_list":["post-27","page","type-page","status-publish","hentry"],"_links":{"self":[{"href":"https:\/\/www.mitjamaratopollensa.net\/mitja\/wp-json\/wp\/v2\/pages\/27","targetHints":{"allow":["GET"]}}],"collection":[{"href":"https:\/\/www.mitjamaratopollensa.net\/mitja\/wp-json\/wp\/v2\/pages"}],"about":[{"href":"https:\/\/www.mitjamaratopollensa.net\/mitja\/wp-json\/wp\/v2\/types\/page"}],"author":[{"embeddable":true,"href":"https:\/\/www.mitjamaratopollensa.net\/mitja\/wp-json\/wp\/v2\/users\/1"}],"replies":[{"embeddable":true,"href":"https:\/\/www.mitjamaratopollensa.net\/mitja\/wp-json\/wp\/v2\/comments?post=27"}],"version-history":[{"count":76,"href":"https:\/\/www.mitjamaratopollensa.net\/mitja\/wp-json\/wp\/v2\/pages\/27\/revisions"}],"predecessor-version":[{"id":770,"href":"https:\/\/www.mitjamaratopollensa.net\/mitja\/wp-json\/wp\/v2\/pages\/27\/revisions\/770"}],"wp:attachment":[{"href":"https:\/\/www.mitjamaratopollensa.net\/mitja\/wp-json\/wp\/v2\/media?parent=27"}],"curies":[{"name":"wp","href":"https:\/\/api.w.org\/{rel}","templated":true}]}}

<h4 class="wp-block-heading"><strong>Salida y llegada / </strong><em>Start and  Finish:</em></h4>



<p><b>·</b> Carrera 5km 2026: <b>26/09/2026 a las 18:00h</b> <a href="https://maps.app.goo.gl/uHVnbJxQMD8EEAGp9" target="_blank" rel="noreferrer noopener">Puerto de Pollença</a></p>



<p><b>·</b> Carrera 10km 2026: <b>26/09/2026 a las 18:30h</b> <a href="https://maps.app.goo.gl/uHVnbJxQMD8EEAGp9" target="_blank" rel="noreferrer noopener">Puerto de Pollença</a></p>



<p><b>·</b> Carrera 5km 2026 ELITE: <b>26/09/2026 a las 20:00h</b> <a href="https://maps.app.goo.gl/uHVnbJxQMD8EEAGp9" target="_blank" rel="noreferrer noopener">Puerto de Pollença</a></p>



<h4 class="wp-block-heading"><strong>Precios inscripción / </strong><em>Registration fees:</em></h4>



<ul class="wp-block-list">
<li>Carrera 5km 2026: <strong>7</strong><b>€ + gastos de gestión: </b><a href="http://www.elitechip.net/index.php?zwshow=compdet&amp;idcomp=7380182" target="_blank" rel="noreferrer noopener">ELITECHIP</a></li>



<li>Carrera 10km 2026: <b>12€ + gastos de gestión: </b><a href="http://www.elitechip.net/index.php?zwshow=compdet&amp;idcomp=7380182" target="_blank" rel="noreferrer noopener">ELITECHIP</a></li>
</ul>



<h4 class="wp-block-heading"><strong>Recorrido / </strong><em>Course:</em></h4>



<ul class="wp-block-list">
<li>El recorrido estará cerrado al tráfico y estará homologado por la Real Federación Española de Atletismo. El recorrido transitará por las calles del Port de Pollença.</li>



<li><em>The transit during the entire race will be blocked and is measured according to the regulations of the Royal Spanish Athletic Federation. The race will transit the streets of Port of Pollensa.</em></li>
</ul>



<h4 class="wp-block-heading"><strong>Avituallamientos / </strong><em>Refreshment points:</em></h4>



<ul class="wp-block-list">
<li>Agua y bebida isotónica en el Km 5 para la carrera de 10km.</li>



<li><em>Water and isotonic drinks at Km 5 for the 10km race</em></li>
</ul>



<h4 class="wp-block-heading"><strong>Edad mínima / </strong><em>Minimum age:</em></h4>



<ul class="wp-block-list">
<li><strong>10km: </strong>16 años cumplidos el día de la competición / <em>16 years – on the day of the race.</em></li>



<li><strong>5km: </strong>14 años cumplidos el día de la competición / <em>14 years – on the day of the race.</em></li>
</ul>



<h4 class="wp-block-heading"><strong>Guarda-ropa / </strong><em>Wardrobe:</em></h4>



<ul class="wp-block-list">
<li>En la Plaza Miquel Capllonch habrá un servicio de custodia de ropa que velará por las pertenencias de los atletas. La retirada se hará mediante el número de dorsal.</li>



<li><em>At the square Miquel Capllonch there will be a wardrobe. Participants will have access to this service by the means of the assigned competition number.</em></li>
</ul>



<h4 class="wp-block-heading"><strong>Control de carrera / </strong><em>Race control:</em></h4>



<ul class="wp-block-list">
<li>Se realizará mediante chip adherido al dorsal, de un sólo uso. El Juez Árbitro de la Real Federación Española de Atletismo y el Comité de Jueces de la Federación de Atletismo de las Illes Balears, serán los encargados del control y de las clasificaciones oficiales de la carrera.</li>



<li><em>It will be done by means of a single-use chip attached to the race bib. The Judge of the Royal Spanish Athletic Federation and the Judge Committee of the Balearic Athletic Federation will be in charge of the official classification.</em></li>
</ul>



<h4 class="wp-block-heading"><strong>Reclamación / </strong><em>Claims:</em></h4>



<ul class="wp-block-list">
<li>Se cursarán al Juez Árbitro por escrito, dentro de los 30 minutos posteriores de la notificación de los resultados, previo depósito de 100 €, en el caso de ser justa la reclamación efectuada, le serán devueltos.</li>



<li><em>The written claims will be handed over to the Judge Committee within 30 minutes after the race finish, depositing the amount of 100 €. Should the claims be justified, then the amount will be returned.</em></li>
</ul>



<h4 class="wp-block-heading"><strong>Médico de Carrera / </strong><em>Medical assistance:</em></h4>



<ul class="wp-block-list">
<li>Habrá un Médico de Carrera responsable de los servicios médicos. Todos los atletas con problemas físicos, respiratorios, alérgicos, etc., que requieran atenciones especiales tendrán que notificar a la Organización antes de iniciar la competición y hacerlo constar en el reverso del dorsal.<br>Los atletas mayores de 40 años, tendrán que disponer de un certificado médico que acredite su aptitud física.</li>



<li><em>The entire race benefits from medical survey and assistance.  All participants with physical problems, allergies etc. that require special attention must notify the organisation and publish it in their participant shield.</em></li>
</ul>



<h4 class="wp-block-heading"><strong>Seguro de Carrera / </strong><em>Safe insurance:</em></h4>



<ul class="wp-block-list">
<li>Los atletas están cubiertos por una Póliza de Seguro de Accidentes y de Responsabilidad Civil, que cubrirá el tratamiento de las lesiones de los atletas, como consecuencia directa del transcurso de la prueba, y nunca como derivación de una patología, imprudencia, negligencia, inobservancia de las leyes y de las normas establecidas por la Organización, o por los daños producidos en los desplazamientos al sitio donde se realiza la prueba, o de éste a la residencia de los atletas.</li>



<li><em>The race benefits from a safe insurance covering only injuries that may occur during the race. The safe insurance does not cover any other physical problems that the participants may have had, neither does it cover injuries brought about by disobedience of the rules or any other caused damages. Participants above 40 years must present a medical certificate to justify their physical ability.</em></li>
</ul>



<h4 class="wp-block-heading"><strong>Seguridad de la Carrera / </strong><em>Safety of the race:</em></h4>



<ul class="wp-block-list">
<li>Policía Local de Pollença, Subsector de Tráfico de la Guardia Civil, Protección Civil de Pollença y la Organización son los encargados de la seguridad de la prueba, los atletas participantes obedecerán todas las indicaciones que reciban del personal encargado de la seguridad de la prueba.</li>



<li><em>The Local Police and Civil Protection will be in charge of the safety of the race.</em></li>
</ul>



<h4 class="wp-block-heading"><strong>Ambulancias / </strong><em>Ambulance:</em></h4>



<ul class="wp-block-list">
<li>Habrá un servicio de ambulancias, en la salida y una dentro del recorrido.</li>



<li><em>There will be an ambulance service, at the exit and into the range.</em></li>
</ul>



<h4 class="wp-block-heading"><strong>Categorías / </strong><em>Categories:</em></h4>



<ul class="wp-block-list">
<li>Se considerará constituida una categoría cuando haya 3 inscritos o más.</li>



<li><em>3 or more participants will form a category.</em></li>
</ul>



<blockquote class="wp-block-quote is-layout-flow wp-block-quote-is-layout-flow">
<ul class="wp-block-list">
<li>Absoluto masculino y femenino</li>



<li>Veteranos A de 35 a 44 años M y F</li>



<li>Veteranos B de 45 a 54 años M y F</li>



<li>Veteranos C 55 años o más M y F</li>



<li>Locales M y F</li>
</ul>
</blockquote>


<p><!-- /wp:post-content --></p>
<p><!-- /wp:list --></p>
<p><!-- /wp:list --></p>
<p><!-- wp:heading {"level":4} --></p>
<p><!-- /wp:list-item --></p>
<p><!-- /wp:list --></p>
<p><!-- wp:heading {"level":4} --></p>
<h4 class="wp-block-heading"><strong>Política devoluciones / </strong><em>Refund Policy:</em></h4>
<p><!-- /wp:heading --></p>
<p><!-- wp:list-item --></p>
<ul>
<li style="list-style-type: none;">
<ul>
<li>Se podrá solicitar la devolución del importe de la inscripción (excluido el coste de gestión de la plataforma de inscripciones) hasta el 30 de abril de 2026 (inclusive), a través del correo electrónico info@elitechip.net</li>
<li>You may request a refund of the registration fee (excluding the registration platform&#8217;s processing fee) until April 30, 2026 (inclusive), by emailing info@elitechip.net</li>
</ul>
</li>
</ul>
<p><!-- /wp:list-item --></p>
<p><!-- /wp:list --></p>

<p>Salida y llegada / Start and Finish: · Carrera 5km 2026: 26/09/2026 a las 18:00h Puerto de Pollença · Carrera 10km 2026: 26/09/2026 a las 18:30h Puerto de Pollença · Carrera 5km 2026 ELITE: 26/09/2026 a las 20:00h Puerto de Pollença Precios inscripción / Registration fees: Recorrido / Course: Avituallamientos [&hellip;]</p>
